eatest common factor of 28 and s.
14
Suppose 0 - 2 = 2*a, 0 = -2*i + a + 23. Calculate the greatest common divisor of 22 and i.
11
Let z(a) = 3*a + 3. Let k be z(4). Let i = k - 9. Calculate the highest common divisor of i and 18.
6
Let d be (333/6)/(6/36). Calculate the highest common divisor of d and 37.
37
Let j(x) = -7*x**2 - x**3 + 6 - 7*x + 2 - 2. Let h be j(-6). What is the greatest common divisor of h and 18?
6
Let n be 17*-6*(-3)/9. Calculate the greatest common factor of n and 51.
17
Let n = -8 + 36. Let x be ((-2)/5)/((-1)/5). Suppose n = -0*h + x*h. What is the highest common factor of 154 and h?
14
Let t be (2*-2)/(13 - 12). Let f be 5 + (-1)/t*4. What is the greatest common factor of f and 6?
6
Suppose 0 = 5*f - 40 - 80. Suppose -5*h + 18 = -7*h. Let n = h - -21. What is the greatest common divisor of f and n?
12
Suppose -5*j - p + 25 = 0, 0 = 2*j + 4*p - 21 - 7. Suppose 72 = -j*f + 5*f. What is the greatest common factor of f and 8?
8
Suppose -2*d + 122 = 3*b, 4*b + d = 49 + 112. Calculate the greatest common divisor of b and 20.
20
Let w(g) = -g**2 + 10*g + 15. Let l be w(11). Suppose m - 2*k = 6, -16 = -l*m - k + 17. What is the highest common divisor of m and 40?
8
Let i(w) = -w + 10. Let f be i(8). Let b = 1 - 7. Let m be (-62)/b - (-1)/(-3). What is the highest common factor of m and f?
2
Suppose 1 = 3*n - 2. Let q be 5 - 3*4/3. What is the greatest common factor of q and n?
1
Let j = -17 - -34. Suppose j - 3 = n. Calculate the highest common divisor of 21 and n.
7
Suppose 0 = -i - 3*v - 14, 2*i - 3*i - 2*v - 18 = 0. Let w = -9 - i. What is the highest common divisor of w and 51?
17
Let f be 7/((-21)/(-198)) + -2. Let v be (21 - 1)*2/5. What is the highest common divisor of f and v?
8
Suppose 4*m - m = 3*h + 102, 4 = h. Let q = -104 + 161. Calculate the highest common divisor of m and q.
19
Let f = -2 + 2. Suppose -2*x = -5*m + 9, -5*x + m + 4*m - 15 = f. Let n(y) = -2*y**3 + y. Let q be n(x). Calculate the greatest common divisor of q and 14.
14
Let j = -40 + 166. Calculate the highest common factor of 18 and j.
18
Let z(o) = -o**2 + 5*o - 1. Let x be z(5). Let t = 0 + x. Let k be (t/(-2))/((-2)/(-64)). What is the greatest common divisor of 40 and k?
8
Suppose -5*u + 8*u - 54 = 0. What is the greatest common divisor of u and 45?
9
Let i(d) be the third derivative of -d**4/3 - 2*d**3/3 - 4*d**2. Let b be i(-5). Let w = 44 - 26. Calculate the greatest common factor of w and b.
18
Let g be 1/(-3) + 35/15. Let o be ((-8)/3)/(1/(-6)). What is the greatest common factor of o and g?
2
Let a = -5 + 7. Suppose -9 = 23*b - 26*b. Calculate the greatest common factor of b and a.
1
Let x = -14 + 32. Let u be (-94)/(-18) + (-4)/x. What is the greatest common divisor of u and 20?
5
Let y = 21 - 18. Calculate the highest common divisor of 6 and y.
3
Let c(d) = -32*d - 6. Let r be c(-1). What is the greatest common factor of 39 and r?
13
Let a(b) = 8*b - 1. Suppose 3 + 3 = i. Let c = i + -5. Let u be a(c). What is the highest common factor of u and 28?
7
Suppose -4*k + 2 = -2*k. Suppose k + 14 = -g. Let r = g + 32. What is the greatest common divisor of r and 136?
17
Let f = 15 + -3. Suppose -f = 4*r + 12. Let k = r + 11. Calculate the highest common factor of 5 and k.
5
Let h(k) = 19*k + 5. Let r be h(4). What is the greatest common divisor of 18 and r?
9
Let s(g) = -g + 14. Let o be s(11). Let n be (-1 - (-2)/2)*-1. Let y = 6 - n. What is the greatest common factor of y and o?
3
Let s be (8 + -9)/(((-2)/242)/1). What is the highest common factor of s and 11?
11
Let f(j) = j**3 + 8*j**2 - 9*j - 7. Let i be f(-8). Calculate the greatest common factor of i and 13.
13
Suppose -2*p - 3 + 5 = -4*h, 0 = 5*h + 5*p - 35. What is the greatest common divisor of 16 and h?
2
Suppose -i + 1 = -2. Let p(t) = 2*t**2 + 7*t. Let a be p(-5). Calculate the highest common factor of i and a.
3
Let o = 34 - 32. Calculate the greatest common factor of 8 and o.
2
Suppose 10 + 4 = -2*p. Let s = 9 + p. Suppose 20 + 22 = 2*x - f, 50 = s*x - 5*f. What is the highest common divisor of 40 and x?
20
Let z(x) = -6*x - 25. Let l be z(-5). Calculate the highest common divisor of 5 and l.
5
Let z be -2 + 1 - (-36)/1. Let g(d) = d + 6. Let b be g(-7). Let y = 8 + b. What is the greatest common factor of y and z?
7
Let q = -29 - -84. Let j = 19 + 3. What is the highest common divisor of q and j?
11
Suppose 0 = -f - 4 + 15. Calculate the greatest common factor of f and 11.
11
Suppose 96 = q - 37. Suppose g + 17 - 61 = 5*k, -10 = 2*k. Calculate the greatest common factor of q and g.
19
Let d = 7 - -58. Let w = -12 - -25. Calculate the highest common divisor of w and d.
13
Let k(j) = 2*j**2 + 7*j. Let i be k(5). Suppose 2*t - 4*d = 816, -4*d + 0*d = -t + 408. Let f be (1/3)/(8/t). What is the greatest common factor of f and i?
17
Let p(a) = -a**3 - 3*a**2 + 3*a + 2. Let z be p(-4). Suppose 3*q - q = 12. What is the highest common factor of z and q?
6
Suppose -20 = 8*t - 10*t. Calculate the highest common factor of t and 60.
10
Suppose -2*t = 2*s, 0 = 4*s - 8*t + 3*t - 36. Suppose -7*j + 20 = -2*j. Calculate the greatest common factor of s and j.
4
Let t be 14*(-3)/(-1 - 2). Suppose 5*y - 4 = -t. Let s be (y/6)/(6/(-18)). Calculate the highest common divisor of s and 1.
1
Let q(a) = -7*a + 9 - 3*a**2 + a - a**3 - 3 - 4*a**2. Let v be q(-6). Calculate the greatest common divisor of 3 and v.
3
Let t(j) = j**3 + 12*j**2 + 11*j - 1. Let r be t(-11). Let h be 13 + (0 - (2 + r)). What is the greatest common factor of 3 and h?
3
Suppose 13*z - 168 = 7*z. Calculate the greatest common factor of z and 70.
14
Let h(a) = -a + 44. Let b be h(0). Suppose 5*s - 4*s = b. Calculate the greatest common factor of 4 and s.
4
Let r(n) = 109*n**2 - n. Let o be r(1). Suppose 0 = 2*p - 4*p + o. Let b be 4/(-10) - p/(-10). What is the highest common divisor of 45 and b?
5
Suppose -3*x + 4*o = o - 9, -5*x + 3*o + 13 = 0. Suppose 0 = -2*q - 4*i + 38, -x*q - 11 = -q - 4*i. Calculate the greatest common divisor of q and 36.
9
Let l(t) = -t + 5. Let p be l(5). Suppose p = 2*f - 7*f + 20. Suppose -79 = -f*b - 7. Calculate the highest common factor of 27 and b.
9
Let h(a) be the first derivative of 6*a - 1 - 1/3*a**3 - 7/2*a**2. Let q be h(-6). Calculate the greatest common factor of q and 48.
12
Let p(i) = 3*i**2 - 1 - 9*i + i**3 + 3 + 7*i + 0. Let k be p(-3). Calculate the greatest common factor of k and 8.
8
Let n be (-12)/(-2) - (4 + -4). What is the highest common divisor of 4 and n?
2
Let s be 4*(-1)/(-6)*72. Let u be s/1 + (-3 - 0). Let n = -8 + 13. Calculate the highest common divisor of n and u.
5
Let z = 6 + 3. Let y = 12 - z. Calculate the greatest common factor of 2 and y.
1
Let r(p) = p**3 + 2*p - 1. Let c be r(1). Suppose g - c*s = 4*g - 244, -5*s = -g + 104. What is the highest common divisor of 21 and g?
21
Let a(k) = 2*k**3 - 2*k**2 + 4*k**2 + 3 - k**3 - 6*k**2 + 3*k. Let g be a(3). Let m = g + 7. What is the highest common divisor of 5 and m?
5
Let u = 49 - 43. Calculate the greatest common factor of 6 and u.
6
Suppose 0 = -2*j + 10, 4*g + 0*j + 3 = -j. Let i be (-120)/(-8) + g + 0. Calculate the highest common factor of i and 13.
13
Let n(f) = 5*f + 14. Let a be n(10). Calculate the greatest common factor of a and 8.
8
Let r be (-5)/((7/3)/(-7)). Calculate the highest common factor of 15 and r.
15
Let d = 90 + -201. Let a = d - -195. Suppose 16 = -4*x + a. Calculate the greatest common divisor of 34 and x.
17
Let u be -1*(18/(-3) + 0). Let j = u - 1. Suppose j*h - 59 = -14. What is the highest common factor of 27 and h?
9
Suppose 0*u - u - 2 = 0, 2*c - 4*u - 14 = 0. Suppose -c*n + 81 = 3*k - 2*k, -2*k - 6 = 0. Calculate the highest common divisor of 4 and n.
4
Let h be (105/(-10) + 4)/((-2)/52). What is the greatest common factor of h and 13?
13
Let u be 4/(-12)*(-117)/3. Suppose -c + 121 = d, -5*c + 3*d = -d - 569. Calculate the highest common factor of u and c.
13
Let j(m) = -m - 3. Let p be j(-5). Suppose -p*y - 4*n = -n - 99, -n = -3*y + 143. What is the greatest common divisor of y and 6?
6
Suppose -6 = 2*g - 2*q, q + 5 = -2*g - g. Let b = -71 - -48. Let f = g - b. Calculate the greatest common divisor of 21 and f.
21
Let u = 5 + 4. Calculate the greatest common factor of u and 6